{"id":4204,"date":"2025-09-29T14:36:04","date_gmt":"2025-09-29T17:36:04","guid":{"rendered":"https:\/\/semiti.pucpr.br\/semic\/?post_type=projetos_2025&#038;p=4204"},"modified":"2025-10-03T15:40:50","modified_gmt":"2025-10-03T18:40:50","slug":"paic240802","status":"publish","type":"projetos_2025","link":"https:\/\/semiti.pucpr.br\/semic\/projetos_2025\/paic240802\/","title":{"rendered":"PAIC240802"},"content":{"rendered":"","protected":false},"featured_media":0,"template":"","class_list":["post-4204","projetos_2025","type-projetos_2025","status-publish","hentry"],"acf":[],"yoast_head":"<!-- This site is optimized with the Yoast SEO plugin v27.4 - https:\/\/yoast.com\/product\/yoast-seo-wordpress\/ -->\n<title>PAIC240802 - SEMIC | PUCPR | 2025<\/title>\n<meta name=\"robots\" content=\"index, follow, max-snippet:-1, max-image-preview:large, max-video-preview:-1\" \/>\n<link rel=\"canonical\" href=\"https:\/\/semiti.pucpr.br\/semic\/projetos_2025\/paic240802\/\" \/>\n<meta property=\"og:locale\" content=\"pt_BR\" \/>\n<meta property=\"og:type\" content=\"article\" \/>\n<meta property=\"og:title\" content=\"PAIC240802 - SEMIC | PUCPR | 2025\" \/>\n<meta property=\"og:url\" content=\"https:\/\/semiti.pucpr.br\/semic\/projetos_2025\/paic240802\/\" \/>\n<meta property=\"og:site_name\" content=\"SEMIC | PUCPR | 2025\" \/>\n<meta property=\"article:modified_time\" content=\"2025-10-03T18:40:50+00:00\" \/>\n<meta name=\"twitter:card\" content=\"summary_large_image\" \/>\n<script type=\"application\/ld+json\" class=\"yoast-schema-graph\">{\"@context\":\"https:\\\/\\\/schema.org\",\"@graph\":[{\"@type\":\"WebPage\",\"@id\":\"https:\\\/\\\/semiti.pucpr.br\\\/semic\\\/projetos_2025\\\/paic240802\\\/\",\"url\":\"https:\\\/\\\/semiti.pucpr.br\\\/semic\\\/projetos_2025\\\/paic240802\\\/\",\"name\":\"PAIC240802 - SEMIC | PUCPR | 2025\",\"isPartOf\":{\"@id\":\"https:\\\/\\\/semiti.pucpr.br\\\/semic\\\/#website\"},\"datePublished\":\"2025-09-29T17:36:04+00:00\",\"dateModified\":\"2025-10-03T18:40:50+00:00\",\"inLanguage\":\"pt-BR\",\"potentialAction\":[{\"@type\":\"ReadAction\",\"target\":[\"https:\\\/\\\/semiti.pucpr.br\\\/semic\\\/projetos_2025\\\/paic240802\\\/\"]}]},{\"@type\":\"WebSite\",\"@id\":\"https:\\\/\\\/semiti.pucpr.br\\\/semic\\\/#website\",\"url\":\"https:\\\/\\\/semiti.pucpr.br\\\/semic\\\/\",\"name\":\"SEMIC | PUCPR | 2025\",\"description\":\"O Semin\u00e1rio de Inicia\u00e7\u00e3o Cient\u00edfica (SEMIC) chega a sua trig\u00e9sima edi\u00e7\u00e3o, e retorna a ser realizado no formato presencial nos dias 25, 26 e 27 de outubro de 2022 na PUCPR (Campus Curitiba).\",\"publisher\":{\"@id\":\"https:\\\/\\\/semiti.pucpr.br\\\/semic\\\/#organization\"},\"potentialAction\":[{\"@type\":\"SearchAction\",\"target\":{\"@type\":\"EntryPoint\",\"urlTemplate\":\"https:\\\/\\\/semiti.pucpr.br\\\/semic\\\/?s={search_term_string}\"},\"query-input\":{\"@type\":\"PropertyValueSpecification\",\"valueRequired\":true,\"valueName\":\"search_term_string\"}}],\"inLanguage\":\"pt-BR\"},{\"@type\":\"Organization\",\"@id\":\"https:\\\/\\\/semiti.pucpr.br\\\/semic\\\/#organization\",\"name\":\"SEMIC | PUCPR | 2025\",\"url\":\"https:\\\/\\\/semiti.pucpr.br\\\/semic\\\/\",\"logo\":{\"@type\":\"ImageObject\",\"inLanguage\":\"pt-BR\",\"@id\":\"https:\\\/\\\/semiti.pucpr.br\\\/semic\\\/#\\\/schema\\\/logo\\\/image\\\/\",\"url\":\"https:\\\/\\\/semiti.pucpr.br\\\/semic\\\/wp-content\\\/uploads\\\/sites\\\/2\\\/2023\\\/06\\\/logo-pucpr-icon-1.png\",\"contentUrl\":\"https:\\\/\\\/semiti.pucpr.br\\\/semic\\\/wp-content\\\/uploads\\\/sites\\\/2\\\/2023\\\/06\\\/logo-pucpr-icon-1.png\",\"width\":256,\"height\":256,\"caption\":\"SEMIC | PUCPR | 2025\"},\"image\":{\"@id\":\"https:\\\/\\\/semiti.pucpr.br\\\/semic\\\/#\\\/schema\\\/logo\\\/image\\\/\"}}]}<\/script>\n<!-- \/ Yoast SEO plugin. -->","yoast_head_json":{"title":"PAIC240802 - SEMIC | PUCPR | 2025","robots":{"index":"index","follow":"follow","max-snippet":"max-snippet:-1","max-image-preview":"max-image-preview:large","max-video-preview":"max-video-preview:-1"},"canonical":"https:\/\/semiti.pucpr.br\/semic\/projetos_2025\/paic240802\/","og_locale":"pt_BR","og_type":"article","og_title":"PAIC240802 - SEMIC | PUCPR | 2025","og_url":"https:\/\/semiti.pucpr.br\/semic\/projetos_2025\/paic240802\/","og_site_name":"SEMIC | PUCPR | 2025","article_modified_time":"2025-10-03T18:40:50+00:00","twitter_card":"summary_large_image","schema":{"@context":"https:\/\/schema.org","@graph":[{"@type":"WebPage","@id":"https:\/\/semiti.pucpr.br\/semic\/projetos_2025\/paic240802\/","url":"https:\/\/semiti.pucpr.br\/semic\/projetos_2025\/paic240802\/","name":"PAIC240802 - SEMIC | PUCPR | 2025","isPartOf":{"@id":"https:\/\/semiti.pucpr.br\/semic\/#website"},"datePublished":"2025-09-29T17:36:04+00:00","dateModified":"2025-10-03T18:40:50+00:00","inLanguage":"pt-BR","potentialAction":[{"@type":"ReadAction","target":["https:\/\/semiti.pucpr.br\/semic\/projetos_2025\/paic240802\/"]}]},{"@type":"WebSite","@id":"https:\/\/semiti.pucpr.br\/semic\/#website","url":"https:\/\/semiti.pucpr.br\/semic\/","name":"SEMIC | PUCPR | 2025","description":"O Semin\u00e1rio de Inicia\u00e7\u00e3o Cient\u00edfica (SEMIC) chega a sua trig\u00e9sima edi\u00e7\u00e3o, e retorna a ser realizado no formato presencial nos dias 25, 26 e 27 de outubro de 2022 na PUCPR (Campus Curitiba).","publisher":{"@id":"https:\/\/semiti.pucpr.br\/semic\/#organization"},"potentialAction":[{"@type":"SearchAction","target":{"@type":"EntryPoint","urlTemplate":"https:\/\/semiti.pucpr.br\/semic\/?s={search_term_string}"},"query-input":{"@type":"PropertyValueSpecification","valueRequired":true,"valueName":"search_term_string"}}],"inLanguage":"pt-BR"},{"@type":"Organization","@id":"https:\/\/semiti.pucpr.br\/semic\/#organization","name":"SEMIC | PUCPR | 2025","url":"https:\/\/semiti.pucpr.br\/semic\/","logo":{"@type":"ImageObject","inLanguage":"pt-BR","@id":"https:\/\/semiti.pucpr.br\/semic\/#\/schema\/logo\/image\/","url":"https:\/\/semiti.pucpr.br\/semic\/wp-content\/uploads\/sites\/2\/2023\/06\/logo-pucpr-icon-1.png","contentUrl":"https:\/\/semiti.pucpr.br\/semic\/wp-content\/uploads\/sites\/2\/2023\/06\/logo-pucpr-icon-1.png","width":256,"height":256,"caption":"SEMIC | PUCPR | 2025"},"image":{"@id":"https:\/\/semiti.pucpr.br\/semic\/#\/schema\/logo\/image\/"}}]}},"_links":{"self":[{"href":"https:\/\/semiti.pucpr.br\/semic\/wp-json\/wp\/v2\/projetos_2025\/4204","targetHints":{"allow":["GET"]}}],"collection":[{"href":"https:\/\/semiti.pucpr.br\/semic\/wp-json\/wp\/v2\/projetos_2025"}],"about":[{"href":"https:\/\/semiti.pucpr.br\/semic\/wp-json\/wp\/v2\/types\/projetos_2025"}],"wp:attachment":[{"href":"https:\/\/semiti.pucpr.br\/semic\/wp-json\/wp\/v2\/media?parent=4204"}],"curies":[{"name":"wp","href":"https:\/\/api.w.org\/{rel}","templated":true}]}}

<!-- This site is optimized with the Yoast SEO plugin v27.4 - https://yoast.com/product/yoast-seo-wordpress/ -->
<title>PAIC240802 - SEMIC | PUCPR | 2025</title>
<meta name="robots" content="index, follow, max-snippet:-1, max-image-preview:large, max-video-preview:-1" />
<link rel="canonical" href="https://semiti.pucpr.br/semic/projetos_2025/paic240802/" />
<meta property="og:locale" content="pt_BR" />
<meta property="og:type" content="article" />
<meta property="og:title" content="PAIC240802 - SEMIC | PUCPR | 2025" />
<meta property="og:url" content="https://semiti.pucpr.br/semic/projetos_2025/paic240802/" />
<meta property="og:site_name" content="SEMIC | PUCPR | 2025" />
<meta property="article:modified_time" content="2025-10-03T18:40:50+00:00" />
<meta name="twitter:card" content="summary_large_image" />
<script type="application/ld+json" class="yoast-schema-graph">{"@context":"https:\/\/schema.org","@graph":[{"@type":"WebPage","@id":"https:\/\/semiti.pucpr.br\/semic\/projetos_2025\/paic240802\/","url":"https:\/\/semiti.pucpr.br\/semic\/projetos_2025\/paic240802\/","name":"PAIC240802 - SEMIC | PUCPR | 2025","isPartOf":{"@id":"https:\/\/semiti.pucpr.br\/semic\/#website"},"datePublished":"2025-09-29T17:36:04+00:00","dateModified":"2025-10-03T18:40:50+00:00","inLanguage":"pt-BR","potentialAction":[{"@type":"ReadAction","target":["https:\/\/semiti.pucpr.br\/semic\/projetos_2025\/paic240802\/"]}]},{"@type":"WebSite","@id":"https:\/\/semiti.pucpr.br\/semic\/#website","url":"https:\/\/semiti.pucpr.br\/semic\/","name":"SEMIC | PUCPR | 2025","description":"O Seminário de Iniciação Científica (SEMIC) chega a sua trigésima edição, e retorna a ser realizado no formato presencial nos dias 25, 26 e 27 de outubro de 2022 na PUCPR (Campus Curitiba).","publisher":{"@id":"https:\/\/semiti.pucpr.br\/semic\/#organization"},"potentialAction":[{"@type":"SearchAction","target":{"@type":"EntryPoint","urlTemplate":"https:\/\/semiti.pucpr.br\/semic\/?s={search_term_string}"},"query-input":{"@type":"PropertyValueSpecification","valueRequired":true,"valueName":"search_term_string"}}],"inLanguage":"pt-BR"},{"@type":"Organization","@id":"https:\/\/semiti.pucpr.br\/semic\/#organization","name":"SEMIC | PUCPR | 2025","url":"https:\/\/semiti.pucpr.br\/semic\/","logo":{"@type":"ImageObject","inLanguage":"pt-BR","@id":"https:\/\/semiti.pucpr.br\/semic\/#\/schema\/logo\/image\/","url":"https:\/\/semiti.pucpr.br\/semic\/wp-content\/uploads\/sites\/2\/2023\/06\/logo-pucpr-icon-1.png","contentUrl":"https:\/\/semiti.pucpr.br\/semic\/wp-content\/uploads\/sites\/2\/2023\/06\/logo-pucpr-icon-1.png","width":256,"height":256,"caption":"SEMIC | PUCPR | 2025"},"image":{"@id":"https:\/\/semiti.pucpr.br\/semic\/#\/schema\/logo\/image\/"}}]}</script>
<!-- / Yoast SEO plugin. -->

O Seminário de Iniciação Científica (SEMIC) chega a sua trigésima edição, e retorna a ser realizado no formato presencial nos dias 25, 26 e 27 de outubro de 2022 na PUCPR (Campus Curitiba).
